se 3*s - c - 1 = 0. Let i be 830/20 - (-3)/(-2). Calculate the greatest common divisor of i and s.
10
Let i = -1159 - -1652. Calculate the highest common factor of i and 119.
17
Let z = 290 + -429. Let y = 145 + z. Calculate the greatest common divisor of 18 and y.
6
Let p = 2 - -19. Suppose p = 2*l - 5. Calculate the highest common divisor of 65 and l.
13
Suppose 0 = r + 4*p - 106, 10*p - 227 = -2*r + 5*p. Calculate the greatest common divisor of r and 28.
14
Suppose 0 = 8*y - 2*y - 1260. What is the greatest common divisor of y and 60?
30
Suppose -2*a = -21 - 3. Suppose -n - 5 = -1. Let o be (-433)/(-4) - (-1)/n. Calculate the highest common divisor of a and o.
12
Let q(d) = -d**3 - 7*d**2 + 8*d + 2. Let x = 51 + -59. Let m be q(x). Calculate the highest common factor of 1 and m.
1
Let v(r) = -5*r**2 - 138*r - 33. Let i be v(-27). Calculate the highest common factor of 88 and i.
8
Let g(b) = -794*b - 108. Let u be g(-1). Calculate the highest common factor of 14 and u.
14
Let d = -3352 - -3376. Let w be (-3)/3*-1*6. What is the highest common divisor of d and w?
6
Let b = -33 + 44. Suppose -2 = z - 5*m - b, 0 = -4*z - 3*m + 13. Calculate the highest common factor of 32 and z.
4
Let q = 561 + -515. What is the highest common divisor of q and 4?
2
Suppose 3*j + 90 = 8*j. Calculate the greatest common factor of j and 63.
9
Suppose -2*d + 0*w + 2*w = -18, -2*d - 4*w = 0. Let v = -59 - -107. What is the greatest common divisor of d and v?
6
Let o be 10 + 0/(-1)*-1. Suppose -6*q + 13*q = 770. What is the greatest common factor of q and o?
10
Suppose 5*k = -5*y + 8675, -1714 = 3*k - y - 6931. What is the greatest common factor of 44 and k?
22
Suppose -25*b + 31*b - 882 = 0. Calculate the greatest common factor of 21 and b.
21
Suppose j = -14 - 21. Let n = j + 49. What is the greatest common divisor of n and 28?
14
Let c(q) = 2*q**3 + 3*q**2 - q. Let r be c(-3). Let u = r + 36. What is the highest common factor of 4 and u?
4
Let g(d) = -27*d**2 - 9 + 11*d**2 + 9*d + 15*d**2. Let s be g(7). Calculate the highest common factor of s and 55.
5
Suppose 43*c + 675 = 52*c. What is the highest common divisor of c and 50?
25
Suppose -5*o = -84 - 6. Let z = o + 8. Let t = z - 12. What is the greatest common divisor of 14 and t?
14
Suppose 4*j = 4*g + 4, -4*g - 2*j + 5 = -3*g. Let d be (-3)/g - (-536)/8. What is the greatest common divisor of 8 and d?
8
Suppose 19*o + 450 = 1210. Let r(u) = -5*u. Let b(a) = 10*a - 1. Let n(x) = 2*b(x) + 5*r(x). Let y be n(-2). What is the greatest common factor of o and y?
8
Let o = 297 - 258. What is the highest common factor of 273 and o?
39
Let a be 62 + (-9 - -3) - 2. What is the highest common divisor of 90 and a?
18
Suppose -c - 4*c = 3*h + 39, -4*h + 18 = -5*c. Let y = c - -2. Let u be 2/y + (-183)/(-2). What is the highest common factor of 13 and u?
13
Suppose 55*q - 280 = 53*q. What is the highest common divisor of q and 56?
28
Suppose 5*c - 4765 = 4*t, 4*t = c - 823 - 146. What is the greatest common divisor of c and 146?
73
Suppose t + 5*k = 19, 4*t + 5*k - 64 = 27. Let g(p) = -p**2 - 5*p + 2. Let m be g(-6). Let l be 51/6 - (-2)/m. What is the highest common factor of t and l?
8
Let o(u) = u**3 + 36*u**2 - u - 19. Let i be o(-36). What is the highest common factor of i and 459?
17
Let w be 3/(-2) - 588/56. Let b be (-85)/(-4) + w/48. Calculate the greatest common factor of b and 231.
21
Suppose -2*d + 2*z - 10 = -0*z, -3*d = z + 15. Let h be (-1)/d + (-9)/45. Let i = h - -15. Calculate the greatest common divisor of i and 45.
15
Let g(x) be the first derivative of -x**4/4 - 2*x**3 + 2*x**2 - 4*x - 1. Suppose 13 = -7*i - 36. Let d be g(i). What is the greatest common divisor of d and 68?
17
Let y(x) = x**2 + 6*x - 2. Let a be 7 + -2 - 2/(-2). Let z be y(a). What is the greatest common factor of z and 35?
35
Let r be 40/18 + (-78)/351. Suppose 4*p - 5*p = 0. Let m be ((-2)/(-4) - p)*8. Calculate the highest common divisor of r and m.
2
Suppose -120*d + 116*d + 100 = 0. Suppose 4*q - 43 = -3*z, 4*q + 2*z - 33 = 9. Let m = 0 + q. What is the greatest common factor of m and d?
5
Suppose c + 9 = 4*c. Let p be (-6 - -289) + c*-1. What is the greatest common factor of p and 35?
35
Suppose -9*d = -5*d - 12. Suppose -3*l = 3*p - 0*p - 561, -p - d*l + 183 = 0. What is the greatest common factor of p and 27?
27
Suppose 5 = 3*g - 2*g. Suppose 4*x - 2 = -170. Let l = 77 + x. Calculate the highest common divisor of l and g.
5
Let i(b) = -b**3 + 13*b**2 + 60*b + 142. Let z be i(17). Suppose -2*w + 84 = 5*u + w, 0 = u + 2*w - 14. Calculate the greatest common factor of z and u.
6
Suppose 3*p - 108 - 12 = 0. Let k = p - 29. Let g(o) = 4*o**3 - 3*o**2 + o. Let v be g(2). What is the highest common factor of k and v?
11
Suppose 4*y - 136 = -0*s - 2*s, 0 = 3*y - 4*s - 102. What is the greatest common factor of y and 391?
17
Let b(m) = m - 21. Let u(c) = 3*c - 64. Let f(i) = 11*b(i) - 4*u(i). Let x be f(-5). What is the greatest common divisor of x and 6?
6
Let x = 18 - 18. Suppose 4*m + x*m = 0. Let a be (-16 - -13) + 30 + m. What is the greatest common factor of a and 3?
3
Let b(r) = -r**3 - 10*r**2 - 22*r - 2. Suppose -17*u - 28 = 125. Let h be b(u). What is the greatest common divisor of h and 23?
23
Let a = -520 + 608. What is the highest common divisor of 616 and a?
88
Suppose 265*x = 283*x - 29880. What is the highest common factor of x and 60?
20
Suppose -b - 4*k + 8*k + 100 = 0, 0 = 5*b - k - 424. What is the greatest common factor of b and 60?
12
Let h(y) = 2*y + 8. Let a be h(-4). Suppose 0 = -x - m - a*m + 7, x + 2*m - 2 = 0. What is the highest common factor of 12 and x?
12
Let a be 3 + (2 - 0) + -17 + 24. Calculate the greatest common factor of 132 and a.
12
Let l = 20 - 15. Suppose -2*o - 5*v = -3*o + 27, 61 = 3*o + l*v. What is the highest common divisor of 198 and o?
22
Let r(h) = 50*h**2 + 28*h + 115. Let w be r(-5). Calculate the highest common factor of 49 and w.
49
Let i(d) = -d**3 - 1 + 7*d**2 + 2*d + 3*d**2 - d - 2. Let f be i(10). What is the highest common divisor of f and 1?
1
Let x = 1499 - 1294. Calculate the greatest common divisor of 287 and x.
41
Suppose -11*g = 2*x - 16*g - 78, -4*x - 5*g + 126 = 0. Let f be ((-2)/(-4))/(3/1632). Calculate the greatest common factor of x and f.
34
Suppose 23*w = 3*w + 4160. Calculate the highest common factor of 48 and w.
16
Let h(y) be the third derivative of y**5/60 - y**4/12 + y**3/3 + 2*y**2. Let q be h(9). Calculate the greatest common divisor of 13 and q.
13
Suppose -4*i + j - 34 = -i, 5*j = -2*i. Let g be ((-4)/i)/((-2)/10). Let z be (-102)/(-27) - g/9. What is the greatest common divisor of z and 36?
4
Suppose -3*g + 4*t = -102, 0*g - 5*t - 61 = -2*g. Let m be ((-12)/9 - 2)*(-8778)/308. What is the highest common factor of g and m?
19
Let x = 394 - 390. What is the greatest common factor of x and 144?
4
Suppose 0 = 2*w - 3*y, 2*w + 9*y = 6*y. Let p be 3 + w - (-621)/(1 + 2). What is the greatest common factor of p and 42?
42
Let s(c) = 16*c + 288. Let v be s(-15). Suppose -t = -0*t - 12. What is the highest common factor of v and t?
12
Let s = 566 - 197. Calculate the greatest common factor of s and 82.
41
Suppose j - 23*j = -2772. Calculate the highest common factor of 18 and j.
18
Let u(o) = 97*o + 46. Let h be u(2). What is the greatest common factor of 24 and h?
24
Let x be 1/(-3) - 244/(-12). Let z be (-74)/(-8) + (-5)/x. Let d be ((-2 - -7) + -4)*99. What is the greatest common factor of d and z?
9
Suppose -5*o + 127 + 141 = y, -3*y + 264 = 5*o. Calculate the highest common factor of 27 and o.
27
Suppose 0 = 4*g + 3*b - 2, -4*g + 2*b = -b - 14. What is the greatest common factor of 50 and g?
2
Let g = 31 + 55. Let a = g - 48. Let c = a - 22. What is the highest common factor of 8 and c?
8
Let s = 101 - 279. Let t = 258 + s. Calculate the greatest common factor of 10 and t.
10
Let z be 10*(-9)/(-495) - (-592)/11. Let b(u) = -13*u**2 - 2*u + 1. Let c be b(1). Let q = 20 + c. What is the highest common factor of z and q?
6
Let q be (-10)/8 + (-574)/(-56). What is the highest common divisor of q and 333?
9
Let q = 618 - 380. Calculate the highest common divisor of 70 and q.
14
Let s be ((-68)/(-6))/(2/6). Suppose -z + 32 = -v, 4*z = -4*v + 7*v + 130. What i